{"id":330,"date":"2024-11-13T11:07:55","date_gmt":"2024-11-13T11:07:55","guid":{"rendered":"https:\/\/www.vegmai.com\/?post_type=product&#038;p=330"},"modified":"2024-11-13T11:57:14","modified_gmt":"2024-11-13T11:57:14","slug":"hebilla-houdini-stop","status":"publish","type":"product","link":"https:\/\/www.vegmai.com\/index.php\/producto\/hebilla-houdini-stop\/","title":{"rendered":"Hebilla Houdini Stop"},"content":{"rendered":"<div class=\"celwidget aplus-module 3p-module-b aplus-standard\" data-csa-c-id=\"7pb0ml-8n885-u0xo9f-h2hwm6\" data-cel-widget=\"aplus-3p-module-b\">\n<div class=\"aplus-module-wrapper aplus-3p-fixed-width\">\n<h3 class=\"a-spacing-mini\">\u00bfEst\u00e1s cansado de que tu peque se saque los brazos del arn\u00e9s mientras conduces? \u00bfTe gustar\u00eda viajar m\u00e1s tranquilo y seguro?<\/h3>\n<p class=\"a-spacing-base\">En base a la DGT: \u00ab<span class=\"a-text-bold\">Las distracciones al volante se cobran la vida de m\u00e1s de 300 personas cada a\u00f1o<\/span>\u00ab. En Homybaby hemos desarrollado un producto innovador y sencillo que te aportar\u00e1 tranquilidad cuando viajas con la familia. La Hebilla Homybaby est\u00e1 pensada para que tu hijo no pueda sacar los brazo del arn\u00e9s y as\u00ed tu no te distraigas mientras conduces.<\/p>\n<\/div>\n<\/div>\n<div class=\"celwidget aplus-module module-4 aplus-standard\" data-csa-c-id=\"91bl5u-69pgbu-4r70kz-1f6ubr\" data-cel-widget=\"aplus-module-4\">\n<div class=\"aplus-module-wrapper apm-fixed-width\">\n<div class=\"apm-spacing\">\n<div class=\"apm-floatleft apm-fixed-width\">\n<h3 class=\"a-spacing-small\">TIPOS DE HEBILLAS DE SEGURIDAD HOMYBABY<\/h3>\n<div class=\"apm-spacing\">\n<table class=\"apm-fixed-width apm-fourthcol-table\">\n<tbody>\n<tr>\n<th class=\"apm-center\"><\/th>\n<th class=\"apm-center\"><\/th>\n<th class=\"apm-center\"><\/th>\n<th class=\"apm-center\"><\/th>\n<\/tr>\n<tr>\n<td class=\"apm-top\">\n<div class=\"apm-fourthcol\">\n<h4 class=\"a-spacing-mini\">F\u00c1CIL DE USAR<\/h4>\n<p class=\"a-size-small\">Con tan solo un click tendr\u00e1 instalada la hebilla de seguridad. C\u00f3moda y pr\u00e1ctica para el d\u00eda a d\u00eda.<\/p>\n<\/div>\n<\/td>\n<td class=\"apm-top\">\n<div class=\"apm-fourthcol\">\n<h4 class=\"a-spacing-mini\">TERMINACIONES DE CALIDAD<\/h4>\n<p class=\"a-size-small\">Evite comprar imitaciones. La hebilla Homybaby destaca por la calidad y seguridad de sus materiales.<\/p>\n<\/div>\n<\/td>\n<td class=\"apm-top\">\n<div class=\"apm-fourthcol\">\n<h4 class=\"a-spacing-mini\">AJUSTABLE PARA MAYOR ADAPTACI\u00d3N<\/h4>\n<p class=\"a-size-small\">Es la \u00fanica hebilla ajustable que permite regular el largo para adaptarse al tama\u00f1o del ni\u00f1o y a la forma del cintur\u00f3n.<\/p>\n<\/div>\n<\/td>\n<td class=\"apm-top\">\n<div class=\"apm-fourthcol\">\n<h4 class=\"a-spacing-mini\">Sobre Nosotros<\/h4>\n<p class=\"a-size-small\">Homybaby es una marca especializada en seguridad infantil con art\u00edculos innovadores, confiables y f\u00e1ciles de usar.<\/p>\n<\/div>\n<\/td>\n<\/tr>\n<\/tbody>\n<\/table>\n<\/div>\n<\/div>\n<\/div>\n<\/div>\n<div><\/div>\n<\/div>\n<div class=\"celwidget aplus-module module-8 aplus-standard\" data-csa-c-id=\"ugwtf9-orp9b6-sk31p6-jamwae\" data-cel-widget=\"aplus-module-8\">\n<div class=\"aplus-module-wrapper apm-fixed-width\">\n<div class=\"apm-spacing\">\n<div class=\"apm-lefttwothirdswrap apm-floatleft\">\n<div class=\"apm-leftimage\"><img decoding=\"async\" class=\"a-spacing-mini\" src=\"https:\/\/m.media-amazon.com\/images\/S\/aplus-media\/sc\/ac6d3a4d-0673-4c2e-957c-116a65038e5b.__CR0,0,1080,1080_PT0_SX300_V1___.png\" alt=\"HOMYBABY\" data-src=\"https:\/\/m.media-amazon.com\/images\/S\/aplus-media\/sc\/ac6d3a4d-0673-4c2e-957c-116a65038e5b.__CR0,0,1080,1080_PT0_SX300_V1___.png\" \/><\/div>\n<div class=\"apm-centerthirdcol\">\n<h3 class=\"a-spacing-mini\">HEBILLA SEGURIDAD INFANTIL<\/h3>\n<h5 class=\"a-spacing-mini a-color-secondary\">DISPOSITIVO IMPRESCINDIBLE<\/h5>\n<p class=\"a-spacing-base\">Puede usarse en en la silla del coche mientras conducimos para tener la seguridad de que el peque no sacar\u00e1 los brazo del arn\u00e9s. Tambi\u00e9n puede usarse mientras estamos en el hogar, por ejemplo en la trona. La hebilla tambi\u00e9n es adecuada para usarla mientras paseamos en la silla de paseo o en cualquier elevador o silla.<\/p>\n<h5 class=\"a-spacing-mini a-color-secondary\">SEGURIDAD DE LOS PEQUES<\/h5>\n<p class=\"a-spacing-base\">La hebilla de seguridad VegMai resulta imprescindible para estar tranquilos de que nuestro peque\u00f1o se mantiene en el lugar donde lo hemos dejado evitando que se salga por sorpresa.<\/p>\n<\/div>\n<\/div>\n<div class=\"apm-rightthirdcol\">\n<div class=\"apm-rightthirdcol-inner\">\n<h4>Dispositivo dise\u00f1ado especialmente para ni\u00f1os<\/h4>\n<div class=\"a-box a-spacing-small a-color-alternate-background apm-listbox\">\n<div class=\"a-box-inner\">\n<ul class=\"a-unordered-list a-vertical\">\n<li><span class=\"a-list-item\"><span class=\"a-size-base\">Peso: 40g<\/span><\/span><\/li>\n<li><span class=\"a-list-item\"><span class=\"a-size-base\">Color: negro<\/span><\/span><\/li>\n<li><span class=\"a-list-item\"><span class=\"a-size-base\">Material: Nylon\/PE<\/span><\/span><\/li>\n<li><span class=\"a-list-item\"><span class=\"a-size-base\">Desde 6 meses a 4 a\u00f1os<\/span><\/span><\/li>\n<li><span class=\"a-list-item\"><span class=\"a-size-base\">Compatible con sillas de coche grupo A1,A2,A3 &amp; B, 3<\/span><\/span><\/li>\n<li><span class=\"a-list-item\"><span class=\"a-size-base\">Propiedades mec\u00e1nicas y f\u00edsicas (ECE R44\/04)<\/span><\/span><\/li>\n<\/ul>\n<\/div>\n<\/div>\n<\/div>\n<\/div>\n<\/div>\n<\/div>\n<div><\/div>\n<\/div>\n<div class=\"celwidget aplus-module 3p-module-b aplus-standard\" data-csa-c-id=\"y9i1xr-v56grn-1jm4ma-2z79xd\" data-cel-widget=\"aplus-3p-module-b\">\n<div class=\"aplus-module-wrapper aplus-3p-fixed-width\">\n<h3 class=\"a-spacing-mini\">INSTRUCCIONES DE USO<\/h3>\n<p><img decoding=\"async\" class=\"a-spacing-base\" src=\"https:\/\/m.media-amazon.com\/images\/S\/aplus-media-library-service-media\/0d0a79bb-7340-4770-88c5-0fcc52a51250.__CR0,0,970,600_PT0_SX970_V1___.png\" alt=\"HOMYBABY\" data-src=\"https:\/\/m.media-amazon.com\/images\/S\/aplus-media-library-service-media\/0d0a79bb-7340-4770-88c5-0fcc52a51250.__CR0,0,970,600_PT0_SX970_V1___.png\" \/><\/p>\n<\/div>\n<\/div>\n","protected":false},"excerpt":{"rendered":"<ul class=\"a-unordered-list a-vertical a-spacing-mini\">\n<li class=\"a-spacing-mini\"><span class=\"a-list-item\">\ud83d\udc6a <strong>SOLUCI\u00d3N IDEAL<\/strong> | Dispositivo dise\u00f1ado para evitar que nuestros peque\u00f1os saquen los brazos del arn\u00e9s mientras conducimos, estamos en casa o paseamos. Una soluci\u00f3n sencilla, vers\u00e1til y segura para estar tranquilos de que nuestro peque\u00f1o se mantiene en el lugar donde lo hemos dejado evitando que se salga por sorpresa.<\/span><\/li>\n<li class=\"a-spacing-mini\"><span class=\"a-list-item\">\ud83d\udc6a <strong>SEGURO<\/strong> | Protector cinturon coche probado y certificado para propiedades mec\u00e1nicas y f\u00edsicas. Producto seguro y legal, extensor cinturon seguridad homologado para cualquier arnes o silla. El mejor protector asiento silla coche para sillas de grupo 0, 1, 2 y 3<\/span><\/li>\n<li class=\"a-spacing-mini\"><span class=\"a-list-item\">\ud83d\udc6a <strong>PR\u00c1CTICO<\/strong> | El arnes para bebes est\u00e1 recomendado desde los 6 meses hasta los 4 a\u00f1os de edad. Muy f\u00e1cil de colocar pero dif\u00edcil de sacar para las peque\u00f1as manitas de nuestros ni\u00f1os. Ocupa muy poco espacio, f\u00e1cil de transportar, quitar y cambiar de una silla o arn\u00e9s a otro.<\/span><\/li>\n<li class=\"a-spacing-mini\"><span class=\"a-list-item\">\ud83d\udc6a <strong>VERS\u00c1TIL<\/strong> | La \u00fanica hebilla ajustable, lo que aporta mayor flexibilidad ya que permite adaptarse al tama\u00f1o del ni\u00f1o seg\u00fan crece y a la forma del arn\u00e9s. Puede usarse en la silla del coche, trona de bebe, silla de paseo, cochecito bebe, elevador o cualquier otra silla en la que el \u201cescape\u201d del ni\u00f1o pueda resultar peligroso.<\/span><\/li>\n<li class=\"a-spacing-mini\"><span class=\"a-list-item\">\ud83d\udc6a <strong>UNIVERSAL<\/strong> | El modelo \u00abSTANDARD\u00bb es ajustable de 3,5 a 7 cm. El modelo \u00abXL\u00bb es especial para para cinturones m\u00e1s anchos y es compatible con arneses de hasta 5 cm de ancho siendo su hebilla ajustable de 3,5 a 9 cm.<\/span><\/li>\n<\/ul>\n","protected":false},"featured_media":0,"comment_status":"open","ping_status":"closed","template":"","meta":{"site-sidebar-layout":"default","site-content-layout":"","ast-site-content-layout":"default","site-content-style":"default","site-sidebar-style":"default","ast-global-header-display":"","ast-banner-title-visibility":"","ast-main-header-display":"","ast-hfb-above-header-display":"","ast-hfb-below-header-display":"","ast-hfb-mobile-header-display":"","site-post-title":"","ast-breadcrumbs-content":"","ast-featured-img":"","footer-sml-layout":"","ast-disable-related-posts":"","theme-transparent-header-meta":"default","adv-header-id-meta":"","stick-header-meta":"","header-above-stick-meta":"","header-main-stick-meta":"","header-below-stick-meta":"","astra-migrate-meta-layouts":"set","ast-page-background-enabled":"default","ast-page-background-meta":{"desktop":{"background-color":"var(--ast-global-color-4)","background-image":"","background-repeat":"repeat","background-position":"center center","background-size":"auto","background-attachment":"scroll","background-type":"","background-media":"","overlay-type":"","overlay-color":"","overlay-opacity":"","overlay-gradient":""},"tablet":{"background-color":"","background-image":"","background-repeat":"repeat","background-position":"center center","background-size":"auto","background-attachment":"scroll","background-type":"","background-media":"","overlay-type":"","overlay-color":"","overlay-opacity":"","overlay-gradient":""},"mobile":{"background-color":"","background-image":"","background-repeat":"repeat","background-position":"center center","background-size":"auto","background-attachment":"scroll","background-type":"","background-media":"","overlay-type":"","overlay-color":"","overlay-opacity":"","overlay-gradient":""}},"ast-content-background-meta":{"desktop":{"background-color":"var(--ast-global-color-5)","background-image":"","background-repeat":"repeat","background-position":"center center","background-size":"auto","background-attachment":"scroll","background-type":"","background-media":"","overlay-type":"","overlay-color":"","overlay-opacity":"","overlay-gradient":""},"tablet":{"background-color":"var(--ast-global-color-5)","background-image":"","background-repeat":"repeat","background-position":"center center","background-size":"auto","background-attachment":"scroll","background-type":"","background-media":"","overlay-type":"","overlay-color":"","overlay-opacity":"","overlay-gradient":""},"mobile":{"background-color":"var(--ast-global-color-5)","background-image":"","background-repeat":"repeat","background-position":"center center","background-size":"auto","background-attachment":"scroll","background-type":"","background-media":"","overlay-type":"","overlay-color":"","overlay-opacity":"","overlay-gradient":""}}},"product_brand":[],"product_cat":[26,23],"product_tag":[],"class_list":{"0":"post-330","1":"product","2":"type-product","3":"status-publish","5":"product_cat-paseo","6":"product_cat-seguridad","7":"desktop-align-center","8":"tablet-align-left","9":"mobile-align-left","10":"ast-product-gallery-layout-horizontal-slider","11":"ast-product-tabs-layout-horizontal","13":"first","14":"instock","15":"sale","16":"taxable","17":"shipping-taxable","18":"purchasable","19":"product-type-simple"},"_links":{"self":[{"href":"https:\/\/www.vegmai.com\/index.php\/wp-json\/wp\/v2\/product\/330","targetHints":{"allow":["GET"]}}],"collection":[{"href":"https:\/\/www.vegmai.com\/index.php\/wp-json\/wp\/v2\/product"}],"about":[{"href":"https:\/\/www.vegmai.com\/index.php\/wp-json\/wp\/v2\/types\/product"}],"replies":[{"embeddable":true,"href":"https:\/\/www.vegmai.com\/index.php\/wp-json\/wp\/v2\/comments?post=330"}],"wp:attachment":[{"href":"https:\/\/www.vegmai.com\/index.php\/wp-json\/wp\/v2\/media?parent=330"}],"wp:term":[{"taxonomy":"product_brand","embeddable":true,"href":"https:\/\/www.vegmai.com\/index.php\/wp-json\/wp\/v2\/product_brand?post=330"},{"taxonomy":"product_cat","embeddable":true,"href":"https:\/\/www.vegmai.com\/index.php\/wp-json\/wp\/v2\/product_cat?post=330"},{"taxonomy":"product_tag","embeddable":true,"href":"https:\/\/www.vegmai.com\/index.php\/wp-json\/wp\/v2\/product_tag?post=330"}],"curies":[{"name":"wp","href":"https:\/\/api.w.org\/{rel}","templated":true}]}}